{"id":2,"date":"2025-08-28T12:09:12","date_gmt":"2025-08-28T12:09:12","guid":{"rendered":"http:\/\/ebpenglish.com\/?page_id=2"},"modified":"2025-09-04T07:52:07","modified_gmt":"2025-09-04T07:52:07","slug":"nos-campus","status":"publish","type":"page","link":"https:\/\/ebpenglish.com\/index.php\/nos-campus\/","title":{"rendered":"Nos campus"},"content":{"rendered":"\t\t<div data-elementor-type=\"wp-page\" data-elementor-id=\"2\" class=\"elementor elementor-2\">\n\t\t\t\t<div class=\"elementor-element elementor-element-89b113f e-flex e-con-boxed e-con e-parent\" data-id=\"89b113f\" data-element_type=\"container\">\n\t\t\t\t\t<div class=\"e-con-inner\">\n\t\t\t\t<div class=\"elementor-element elementor-element-c6ec02e elementor-widget elementor-widget-heading\" data-id=\"c6ec02e\" data-element_type=\"widget\" data-widget_type=\"heading.default\">\n\t\t\t\t\t<p class=\"elementor-heading-title elementor-size-default\">\n\nNos campus sont actuellement situ\u00e9s \u00e0 Paris et \u00e0 Londres. Deux nouvelles implantations ouvriront leurs portes \u00e0 New York et \u00e0 Montr\u00e9al en janvier 2026.\n<\/p>\t\t\t\t<\/div>\n\t\t\t\t\t<\/div>\n\t\t\t\t<\/div>\n\t\t<div class=\"elementor-element elementor-element-321406d9 e-flex e-con-boxed e-con e-parent\" data-id=\"321406d9\" data-element_type=\"container\">\n\t\t\t\t\t<div class=\"e-con-inner\">\n\t\t\t\t\t<\/div>\n\t\t\t\t<\/div>\n\t\t<div class=\"elementor-element elementor-element-1eaeafe e-flex e-con-boxed e-con e-parent\" data-id=\"1eaeafe\" data-element_type=\"container\">\n\t\t\t\t\t<div class=\"e-con-inner\">\n\t\t\t\t\t<\/div>\n\t\t\t\t<\/div>\n\t\t\t\t<\/div>\n\t\t","protected":false},"excerpt":{"rendered":"<p>Nos campus sont actuellement situ\u00e9s \u00e0 Paris et \u00e0 Londres. Deux nouvelles implantations ouvriront leurs portes \u00e0 New York et \u00e0 Montr\u00e9al en janvier 2026.<\/p>\n","protected":false},"author":1,"featured_media":0,"parent":0,"menu_order":0,"comment_status":"closed","ping_status":"closed","template":"elementor_header_footer","meta":{"_kadence_starter_templates_imported_post":false,"_kad_post_transparent":"","_kad_post_title":"","_kad_post_layout":"","_kad_post_sidebar_id":"","_kad_post_content_style":"","_kad_post_vertical_padding":"","_kad_post_feature":"","_kad_post_feature_position":"","_kad_post_header":false,"_kad_post_footer":false,"footnotes":""},"class_list":["post-2","page","type-page","status-publish","hentry"],"_links":{"self":[{"href":"https:\/\/ebpenglish.com\/index.php\/wp-json\/wp\/v2\/pages\/2","targetHints":{"allow":["GET"]}}],"collection":[{"href":"https:\/\/ebpenglish.com\/index.php\/wp-json\/wp\/v2\/pages"}],"about":[{"href":"https:\/\/ebpenglish.com\/index.php\/wp-json\/wp\/v2\/types\/page"}],"author":[{"embeddable":true,"href":"https:\/\/ebpenglish.com\/index.php\/wp-json\/wp\/v2\/users\/1"}],"replies":[{"embeddable":true,"href":"https:\/\/ebpenglish.com\/index.php\/wp-json\/wp\/v2\/comments?post=2"}],"version-history":[{"count":4,"href":"https:\/\/ebpenglish.com\/index.php\/wp-json\/wp\/v2\/pages\/2\/revisions"}],"predecessor-version":[{"id":359,"href":"https:\/\/ebpenglish.com\/index.php\/wp-json\/wp\/v2\/pages\/2\/revisions\/359"}],"wp:attachment":[{"href":"https:\/\/ebpenglish.com\/index.php\/wp-json\/wp\/v2\/media?parent=2"}],"curies":[{"name":"wp","href":"https:\/\/api.w.org\/{rel}","templated":true}]}}